{"id":355,"date":"2024-02-02T18:28:49","date_gmt":"2024-02-02T18:28:49","guid":{"rendered":"https:\/\/grwattsolutions.com\/?post_type=product&#038;p=355"},"modified":"2024-02-02T18:30:37","modified_gmt":"2024-02-02T18:30:37","slug":"caluma-force-led-720w","status":"publish","type":"product","link":"https:\/\/grwattsolutions.com\/index.php\/producto\/caluma-force-led-720w\/","title":{"rendered":"Caluma Force LED 720W"},"content":{"rendered":"<p>Caluma Force LED 720W es una avanzada soluci\u00f3n de iluminaci\u00f3n con tecnolog\u00eda LED, dise\u00f1ada para proporcionar un rendimiento potente y eficiente. Con 720 vatios de potencia, este dispositivo ofrece una intensa iluminaci\u00f3n, ideal para cultivos indoor. Su dise\u00f1o robusto y sistema de gesti\u00f3n t\u00e9rmica garantizan un funcionamiento fiable y duradero.<\/p>\n","protected":false},"excerpt":{"rendered":"<p>Caluma Force LED 720W es una avanzada soluci\u00f3n de iluminaci\u00f3n con tecnolog\u00eda LED, dise\u00f1ada para proporcionar un rendimiento potente y eficiente. Con 720 vatios de potencia, este dispositivo ofrece una intensa iluminaci\u00f3n, ideal para cultivos indoor. Su dise\u00f1o robusto y sistema de gesti\u00f3n t\u00e9rmica garantizan un funcionamiento fiable y duradero.<\/p>\n","protected":false},"featured_media":356,"comment_status":"open","ping_status":"closed","template":"","meta":[],"product_cat":[30,38],"product_tag":[],"class_list":{"0":"post-355","1":"product","2":"type-product","3":"status-publish","4":"has-post-thumbnail","6":"product_cat-iluminacion","7":"product_cat-iluminacion-led","9":"first","10":"instock","11":"shipping-taxable","12":"product-type-simple"},"jetpack_sharing_enabled":true,"_links":{"self":[{"href":"https:\/\/grwattsolutions.com\/index.php\/wp-json\/wp\/v2\/product\/355"}],"collection":[{"href":"https:\/\/grwattsolutions.com\/index.php\/wp-json\/wp\/v2\/product"}],"about":[{"href":"https:\/\/grwattsolutions.com\/index.php\/wp-json\/wp\/v2\/types\/product"}],"replies":[{"embeddable":true,"href":"https:\/\/grwattsolutions.com\/index.php\/wp-json\/wp\/v2\/comments?post=355"}],"wp:featuredmedia":[{"embeddable":true,"href":"https:\/\/grwattsolutions.com\/index.php\/wp-json\/wp\/v2\/media\/356"}],"wp:attachment":[{"href":"https:\/\/grwattsolutions.com\/index.php\/wp-json\/wp\/v2\/media?parent=355"}],"wp:term":[{"taxonomy":"product_cat","embeddable":true,"href":"https:\/\/grwattsolutions.com\/index.php\/wp-json\/wp\/v2\/product_cat?post=355"},{"taxonomy":"product_tag","embeddable":true,"href":"https:\/\/grwattsolutions.com\/index.php\/wp-json\/wp\/v2\/product_tag?post=355"}],"curies":[{"name":"wp","href":"https:\/\/api.w.org\/{rel}","templated":true}]}}