{"id":317,"date":"2023-09-11T09:00:21","date_gmt":"2023-09-11T09:00:21","guid":{"rendered":"https:\/\/grwattsolutions.com\/?post_type=product&#038;p=317"},"modified":"2023-09-11T10:08:25","modified_gmt":"2023-09-11T10:08:25","slug":"camg-boost-aptus","status":"publish","type":"product","link":"https:\/\/grwattsolutions.com\/index.php\/producto\/camg-boost-aptus\/","title":{"rendered":"Camg Boost Aptus"},"content":{"rendered":"<p>El CamG Boost de Aptus es un innovador suplemento nutricional dise\u00f1ado para optimizar el crecimiento y desarrollo de las plantas. Su f\u00f3rmula avanzada proporciona nutrientes esenciales y estimula el sistema radicular, mejorando la absorci\u00f3n de nutrientes y promoviendo una salud vegetal \u00f3ptima, lo que resulta en cosechas m\u00e1s abundantes y vigorosas.<\/p>\n","protected":false},"excerpt":{"rendered":"<p>El CamG Boost de Aptus es un innovador suplemento nutricional dise\u00f1ado para optimizar el crecimiento y desarrollo de las plantas. Su f\u00f3rmula avanzada proporciona nutrientes esenciales y estimula el sistema radicular, mejorando la absorci\u00f3n de nutrientes y promoviendo una salud vegetal \u00f3ptima, lo que resulta en cosechas m\u00e1s abundantes y vigorosas.<\/p>\n","protected":false},"featured_media":319,"comment_status":"open","ping_status":"closed","template":"","meta":[],"product_cat":[16],"product_tag":[],"class_list":{"0":"post-317","1":"product","2":"type-product","3":"status-publish","4":"has-post-thumbnail","6":"product_cat-jardin","8":"first","9":"instock","10":"shipping-taxable","11":"product-type-simple"},"jetpack_sharing_enabled":true,"_links":{"self":[{"href":"https:\/\/grwattsolutions.com\/index.php\/wp-json\/wp\/v2\/product\/317"}],"collection":[{"href":"https:\/\/grwattsolutions.com\/index.php\/wp-json\/wp\/v2\/product"}],"about":[{"href":"https:\/\/grwattsolutions.com\/index.php\/wp-json\/wp\/v2\/types\/product"}],"replies":[{"embeddable":true,"href":"https:\/\/grwattsolutions.com\/index.php\/wp-json\/wp\/v2\/comments?post=317"}],"wp:featuredmedia":[{"embeddable":true,"href":"https:\/\/grwattsolutions.com\/index.php\/wp-json\/wp\/v2\/media\/319"}],"wp:attachment":[{"href":"https:\/\/grwattsolutions.com\/index.php\/wp-json\/wp\/v2\/media?parent=317"}],"wp:term":[{"taxonomy":"product_cat","embeddable":true,"href":"https:\/\/grwattsolutions.com\/index.php\/wp-json\/wp\/v2\/product_cat?post=317"},{"taxonomy":"product_tag","embeddable":true,"href":"https:\/\/grwattsolutions.com\/index.php\/wp-json\/wp\/v2\/product_tag?post=317"}],"curies":[{"name":"wp","href":"https:\/\/api.w.org\/{rel}","templated":true}]}}