{"id":237,"date":"2023-09-01T11:43:40","date_gmt":"2023-09-01T11:43:40","guid":{"rendered":"https:\/\/grwattsolutions.com\/?post_type=product&#038;p=237"},"modified":"2023-09-01T11:43:41","modified_gmt":"2023-09-01T11:43:41","slug":"connoisseur-coco-bloom-advanced-nutrients","status":"publish","type":"product","link":"https:\/\/grwattsolutions.com\/index.php\/producto\/connoisseur-coco-bloom-advanced-nutrients\/","title":{"rendered":"Connoisseur Coco Bloom Advanced Nutrients"},"content":{"rendered":"<p>Connoisseur Coco Bloom de Advanced Nutrients es un avanzado suplemento de nutrientes dise\u00f1ado para maximizar la floraci\u00f3n en cultivos de coco. Su f\u00f3rmula de alta calidad proporciona los nutrientes esenciales y micronutrientes necesarios para obtener cosechas de alta calidad y potencia en plantas de cannabis y otras plantas en fase de floraci\u00f3n.<\/p>\n","protected":false},"excerpt":{"rendered":"<p>Connoisseur Coco Bloom de Advanced Nutrients es un avanzado suplemento de nutrientes dise\u00f1ado para maximizar la floraci\u00f3n en cultivos de coco. Su f\u00f3rmula de alta calidad proporciona los nutrientes esenciales y micronutrientes necesarios para obtener cosechas de alta calidad y potencia en plantas de cannabis y otras plantas en fase de floraci\u00f3n.<\/p>\n","protected":false},"featured_media":238,"comment_status":"open","ping_status":"closed","template":"","meta":[],"product_cat":[45],"product_tag":[],"class_list":{"0":"post-237","1":"product","2":"type-product","3":"status-publish","4":"has-post-thumbnail","6":"product_cat-advanced-nutrients","8":"first","9":"instock","10":"shipping-taxable","11":"product-type-simple"},"jetpack_sharing_enabled":true,"_links":{"self":[{"href":"https:\/\/grwattsolutions.com\/index.php\/wp-json\/wp\/v2\/product\/237"}],"collection":[{"href":"https:\/\/grwattsolutions.com\/index.php\/wp-json\/wp\/v2\/product"}],"about":[{"href":"https:\/\/grwattsolutions.com\/index.php\/wp-json\/wp\/v2\/types\/product"}],"replies":[{"embeddable":true,"href":"https:\/\/grwattsolutions.com\/index.php\/wp-json\/wp\/v2\/comments?post=237"}],"wp:featuredmedia":[{"embeddable":true,"href":"https:\/\/grwattsolutions.com\/index.php\/wp-json\/wp\/v2\/media\/238"}],"wp:attachment":[{"href":"https:\/\/grwattsolutions.com\/index.php\/wp-json\/wp\/v2\/media?parent=237"}],"wp:term":[{"taxonomy":"product_cat","embeddable":true,"href":"https:\/\/grwattsolutions.com\/index.php\/wp-json\/wp\/v2\/product_cat?post=237"},{"taxonomy":"product_tag","embeddable":true,"href":"https:\/\/grwattsolutions.com\/index.php\/wp-json\/wp\/v2\/product_tag?post=237"}],"curies":[{"name":"wp","href":"https:\/\/api.w.org\/{rel}","templated":true}]}}